 p be (-14)/(-3) + y/(-6). Suppose -x + 2 = -p. List the prime factors of x.
7
Let x(k) be the third derivative of k**4/24 + 11*k**3/3 - 7*k**2. What are the prime factors of x(-8)?
2, 7
Let j(z) = z - 14. Let h be j(6). Let y(g) = g**2 + 7*g - 5. Let i be y(h). Suppose -i*m - 2*m + 5*w = -90, 4*m + w = 52. What are the prime factors of m?
2, 7
Suppose 0 = 4*p - 2*a + 36, 8 + 14 = -4*p - 5*a. Let o = p - -11. Suppose 0*x - o*x + 30 = 0. What are the prime factors of x?
2, 5
Let v(y) = -y**3 - 7*y**2 - 7*y - 1. Let p(c) = -c + 3. Let s(k) = k**2 - 3*k + 5. Let z be s(4). Let x be p(z). What are the prime factors of v(x)?
5
What are the prime factors of 1/2 + (-57)/(-2)?
29
Let j be (-2)/5 - (-219)/(-15). Let k be j/6*12/(-10). Suppose x - 12 = -b, 2*b - k*x + 4 = b. What are the prime factors of b?
2
Suppose -t = -0*t + 2*b - 5, 3*t = 4*b - 15. List the prime factors of t*18*3/(-9).
2, 3
Let o be (-1 + 1)/(1 + 1). Suppose o = -3*i + 2*i + 20. What are the prime factors of i?
2, 5
Let r = -13 - -18. Suppose -4*d + 0*y = y - 27, -r*y = 2*d - 27. Let i(t) = t + 2. List the prime factors of i(d).
2
Let m(a) = 2*a**2 - 8*a + 3. Let w be m(5). Suppose 3 - w = 5*n. List the prime factors of (-20)/n + (-3 - -1).
2
Let q be (12/(-20))/(1/(-5)). Suppose -5*g = -q*g - 34. What are the prime factors of g?
17
Let n be (-20)/(-9) - 6/27. Suppose -26 = -n*y + 10. What are the prime factors of y?
2, 3
Let y be (-36)/(-3)*(-24)/(-9). Let w = -15 + y. What are the prime factors of w?
17
Let c = -299 - -483. List the prime factors of c.
2, 23
Let o(g) = g**3 + 10*g**2 + 12. Let c be o(-10). Let u = c - -16. Suppose 2*d + 4*s = u, d + 1 = 2*s - 5. What are the prime factors of d?
2
Let p = -5 - 0. Let q = p + 10. Suppose 0 = 2*v - 8, 5*v + q + 15 = 5*r. List the prime factors of r.
2
Let d be (5/(-2))/(8/(-16)). Let j(h) = h - 1. What are the prime factors of j(d)?
2
Suppose 0 = -4*v - 4*h + 16, 2*v + 5*h - 24 = -10. List the prime factors of v.
2
Suppose 5 - 2 = -m, -5*u + 39 = -3*m. Let c be 8*(0 - (-3)/u). Suppose c*h = 8*h - 32. What are the prime factors of h?
2
Let q be (-4 + 3)*-125 + -4. Let c = -69 + q. List the prime factors of c.
2, 13
Suppose -q = -2*v - 265, 0 = 5*q - v - 706 - 592. What are the prime factors of q?
7, 37
Let b = 722 - 304. List the prime factors of b.
2, 11, 19
Let p = 118 - 81. List the prime factors of p.
37
Let b(i) = 3*i**2 - 2*i + 3. Let s be (-6)/(1/(1/2)). What are the prime factors of b(s)?
2, 3
Let a = 32 - -111. List the prime factors of a.
11, 13
Suppose -39 = -w + 1. Suppose 9 = 2*x + x, -g = -x - w. What are the prime factors of g?
43
Let c be (-2)/(-5) - (-638)/5. Suppose 2*k = -3*w - 3*k - c, -38 = w - 3*k. Let q = 60 + w. What are the prime factors of q?
19
Suppose -2*y + 28 = -2*n, 0*y + 3*y = -n + 50. Suppose 0 = 3*w + k - 12, -w + 2*k + y = 3*w. Suppose -3*c + 2*c + w = 0. List the prime factors of c.
2
Suppose 3*s + s = -5*o + 50, -5*s = 0. Let b(v) = -v**2 + 13*v - 9. What are the prime factors of b(o)?
3, 7
Let b be ((-384)/16)/((-3)/16). Suppose c + b = 5*c. What are the prime factors of c?
2
Let g(v) = 3*v**2 + v. Let a be g(-1). Suppose -n = -a - 7. What are the prime factors of n?
3
Let i be (-1 - 1)/(-2 + 1). Suppose -12 = b + l + i*l, 2*b = -3*l - 33. What are the prime factors of (-28)/(-6) + (-7)/b?
5
What are the prime factors of 62 - -5*(-3)/5?
59
Let x(h) be the second derivative of h**5/12 - h**4/24 - h**3/6 - 3*h**2/2 - 3*h. Let y(d) be the first derivative of x(d). List the prime factors of y(-1).
5
Suppose 131 = 4*l - 157. Suppose 0 = -4*x - 0*x + l. What are the prime factors of x?
2, 3
Let m = 5 - -4. Suppose -m = -0*o - 3*o. Suppose 0 = 2*a + o*q - 28, -3*a = -a - 4*q. List the prime factors of a.
2
Let m(v) = 39*v**3 + 2*v**2 + v. Let c be m(-1). Let d = 8 + -5. What are the prime factors of c/(-6) + 2/d?
7
Suppose i - 3 = -1. Suppose -m + 54 = i*m. What are the prime factors of m?
2, 3
Suppose 2*o + 5*u - 15 = -3*o, 0 = -2*u + 2. What are the prime factors of (1/o)/(1/16)?
2
Let p be (-3)/12 + 1/4. Suppose 3*i - 5*h - 9 = p, -h = -2*i + 2*h + 6. Suppose -42 = -i*f - 3*v, 2*v + 47 = 4*f - 3*v. List the prime factors of f.
13
Suppose 12*f - 189 = 5*f. List the prime factors of f.
3
Let h(m) = 22*m + 5. What are the prime factors of h(2)?
7
Let o be 8/28 + (-52)/(-14). Let g = o + 2. What are the prime factors of g?
2, 3
Suppose 0 = 4*f - 2*y - 154, 5*f - 4*f - 3*y - 41 = 0. Suppose -m = m - f. Suppose m = 5*z - b, -b = -z - 5*b - 13. List the prime factors of z.
3
Suppose -2*o = -3*o + 4, -3*h + 5*o + 76 = 0. Let w = -18 + h. What are the prime factors of w?
2, 7
Suppose -12 = -4*z, k - 3*z + z - 153 = 0. What are the prime factors of k?
3, 53
Suppose 5 = -q + 4*m, q - 5*m + 1 = -6. Suppose h = 3*f - h - 41, 0 = 5*f - q*h - 67. List the prime factors of f.
11
Let x be (-230)/(-18) + 6/27. Suppose -2*s + s + 2 = 0. Suppose -14 = 2*h - s*l - 36, -h - 5*l = x. What are the prime factors of h?
7
Suppose -3*d - 4*i = -8*i + 27, -2*d + 4*i = 22. Let o be d*(48/(-10))/(-4). List the prime factors of 2 - o*1/1.
2
Suppose -6 = -3*l - 4*s, 0 = 3*l - l + 2*s - 4. Suppose 0 = 5*k - 5*a - 45, a = 4*k - l*a - 41. List the prime factors of k.
2, 7
List the prime factors of (4/28)/(2/7)*12.
2, 3
Suppose -37 + 99 = a. What are the prime factors of a?
2, 31
Let k(a) = -a. Let f be k(-3). Let i be (f - 0)/(-3) - -2. Let j(u) = 3*u**2 + 1. List the prime factors of j(i).
2
Let r(k) = -11*k**2 - 7*k + 14. Let t(s) = -5*s**2 - 4*s + 7. Let p(b) = -4*r(b) + 9*t(b). List the prime factors of p(-6).
19
Let s(n) = -54*n - 1. List the prime factors of s(-1).
53
Let o(h) be the first derivative of h**3/3 - h**2/2 + 60*h + 1. Let u be o(0). Suppose 10*c - 5*c = u. What are the prime factors of c?
2, 3
Let m be (0 - 3)/(3/(-28)). Let p = m - 2. List the prime factors of p.
2, 13
Suppose -2*b + d = 21, 0*b - 47 = 5*b + 3*d. Let a be 24/(-8) + (-22)/(-2). Let y = a - b. What are the prime factors of y?
2, 3
Suppose 3*s - 105 = 2*s. Let v = -62 + s. List the prime factors of v.
43
Let u(v) be the third derivative of -v**6/120 - v**5/12 + v**4/4 + 2*v**3/3 + 3*v**2. List the prime factors of u(-6).
2
Let m(n) = -n**2 - 7*n - 1. Let p be m(-6). Suppose p*o = 56 - 16. List the prime factors of o.
2
Let l(f) = 8*f**2 + 2*f - 1. Let v(r) be the first derivative of -r**3/3 + 3*r**2 - 4*r + 3. Let s be v(5). List the prime factors of l(s).
3
Let l be -1 + (1 - (0 - -2)). Let f = l - 4. Let q(d) = -d**3 - 7*d**2 - 8*d + 5. List the prime factors of q(f).
17
Suppose -l + 4*q + 22 = 0, 5*l - 35 = -0*q - 5*q. Let j = 45 - 21. Let g = j - l. What are the prime factors of g?
2, 7
Let w(d) = 3*d**3 - d**2. Suppose 2*g - 4 = 8. Let m be 2/g*(-5 + 8). What are the prime factors of w(m)?
2
Let t(j) = -j + 6. Let g be t(4). Suppose -2*c + 13 = g*a - 13, 0 = -2*a - 3*c + 28. List the prime factors of a.
11
Suppose -5*g = 9 - 39. Let s(r) = 2*r**3 + 2*r**2 + r - 2. Let m be s(-2). What are the prime factors of g/(2*(-9)/m)?
2
Suppose 0 = -3*d - 15, -k + 2*k - 3*d = 104. List the prime factors of k.
89
Suppose 0*v - 295 = -5*v. List the prime factors of v.
59
Let b = 24 - 43. Let d = 3 - b. What are the prime factors of d?
2, 11
Let g(y) = 20*y**2 - 4*y + 3. List the prime factors of g(2).
3, 5
Suppose -4*p = -3*y + 11, -3*y - 1 = 3*p + 2. List the prime factors of 1/(p*1/(-22)).
11
Suppose 2*n - 49 = -q, 0 = -0*n - 4*n - q + 99. Suppose -4*d + n = -87. Let b = -19 + d. What are the prime factors of b?
3
Let p(j) = -j**3 + 49. Let x be (0/5)/((-1)/1). What are the prime factors of p(x)?
7
Suppose c = 11 - 19. Suppose -k = 2*q, q - k = 1 - 4. Let w = q - c. What are the prime factors of w?
7
Let f(x) = x**2 - 3*x - 2. Let y(i) be the second derivative of i**5/20 + i**4/2 + i**3/2 - 3*i**2 - i. Let s be y(-5). What are the prime factors of f(s)?
2
Suppose -6 = 2*q, -2*q = 2*b - 0*q - 4. Suppose d = b - 3. What are the prime factors of d?
2
Let f = 0 + 2. Suppose -5*g = -5, -3*g + f*g - 53 = -3*c. What are the prime factors of c?
2, 3
Suppose 3*v + 4*l - 5 = 0, 16 = v - 5*l - 11. What are the prime factors of v?
7
Let z(i) = 4*i**2 + i - 1. Let c = 1 - 0. Let t be z(c). Let b = t - -3. List the prime factors of b.
7
Let y(g) = -g**3 + 5*g**2 + 7*